base 4.
-322023113
What is -10101100010101110 (base 2) in base 9?
-144032
Convert -610226 (base 7) to base 11.
-70725
What is -24a38 (base 14) in base 3?
-11120012121
-b33c6a (base 13) to base 8
-17741265
What is 2581665 (base 9) in base 8?
5305461
125b67 (base 13) to base 5
103110334
-4364501 (base 7) to base 12
-21a955
Convert 2787925 (base 11) to base 7.
55532312
-320551 (base 7) to base 2
-1101100011010000
What is -1111323020 (base 4) in base 10?
-351944
What is 17771b9 (base 12) in base 5?
2222312331
Convert c6a13 (base 13) to base 7.
3016424
23234 (base 16) to base 3
21022102112
Convert 110112222033 (base 4) to base 10.
5335695
Convert -21640 (base 16) to base 14.
-37bb2
What is 14222 (base 12) in base 13?
c95c
What is 2023342133 (base 5) in base 7?
50014106
Convert 32020301023 (base 4) to base 16.
388c4b
Convert 11110001111111 (base 2) to base 14.
5903
-4016a6 (base 11) to base 5
-131141002
978af (base 16) to base 10
620719
Convert 11101000110110001 (base 2) to base 6.
2315533
-11000110111100011100 (base 2) to base 3
-1112101210121
236520640 (base 7) to base 5
12241422114
-5318e (base 15) to base 11
-170065
13263817 (base 9) to base 7
106366036
Convert 306691 (base 10) to base 9.
516627
What is 26152326 (base 7) in base 4?
21011230311
Convert -204836 (base 10) to base 14.
-54912
-1120233 (base 5) to base 3
-1000112021
1101120110 (base 3) to base 13
c60c
What is -101011111011001011 (base 2) in base 3?
-100010210112
Convert -217aa3 (base 15) to base 12.
-64b323
Convert -32210232322 (base 4) to base 6.
-213515214
What is -2100000200 (base 3) in base 13?
-17bb3
236e1 (base 16) to base 3
21101001212
Convert 255635 (base 8) to base 7.
520305
2105343 (base 8) to base 11
352689
e68a (base 16) to base 9
88855
What is 3af4e5 (base 16) in base 9?
7238100
1212122200102 (base 3) to base 11
621100
What is -111000010010011110 (base 2) in base 12?
-b1512
30577771 (base 8) to base 4
120233333321
Convert 276b2a (base 15) to base 14.
374cca
Convert -273174 (base 11) to base 8.
-1505360
Convert 2210332244 (base 5) to base 3.
22222201002022
Convert -2142644 (base 7) to base 14.
-6ba5b
2062308 (base 10) to base 11
1189496
12102100211022 (base 3) to base 4
22333111301
Convert 8ac1 (base 15) to base 12.
15047
What is -309c2a (base 16) in base 7?
-36035526
1cba6 (base 15) to base 14
2624c
1474c (base 13) to base 7
220345
What is -4044124244 (base 5) in base 3?
-120102012221001
Convert 197298 (base 12) to base 15.
8cadb
2207a (base 16) to base 9
232173
2bc35 (base 13) to base 9
136313
What is -10202100110112 (base 3) in base 10?
-1994882
Convert -360047 (base 8) to base 7.
-1021236
What is e556d (base 15) in base 16?
b1745
Convert -277202 (base 10) to base 16.
-43ad2
What is -5ba814 (base 14) in base 2?
-1011111110110001110010
13022 (base 14) to base 12
2301a
What is -111010010100011 (base 2) in base 7?
-153024
155162204 (base 7) to base 5
10142042022
-1002020120021 (base 3) to base 12
-239121
Convert -27253 (base 12) to base 9.
-81860
What is 1137524 (base 10) in base 3?
2010210101112
10101111011001111 (base 2) to base 14
24a2b
Convert 1369b3 (base 16) to base 3.
2101122012010
What is -8515412 (base 9) in base 12?
-1639402
What is 26128a (base 11) in base 3?
202220122011
-2362642 (base 7) to base 13
-a70b3
-2a7558 (base 13) to base 5
-231410433
What is 170b540 (base 12) in base 10?
4747584
Convert -169a5 (base 15) to base 12.
-3633b
Convert 1305130 (base 6) to base 12.
351a6
Convert -15ab4 (base 16) to base 6.
-1522524
What is -638299 (base 10) in base 12?
-269477
Convert 1011111110011100110001 (base 2) to base 5.
1300430002
Convert 1009ab (base 13) to base 14.
99cb9
Convert 53c632 (base 16) to base 15.
736b01
What is -345056 (base 11) in base 3?
-1000212022100
What is 719205 (base 12) in base 16?
1b22e5
What is 3b430 (base 14) in base 12?
70782
-303113 (base 7) to base 14
-14ab3
What is -11b538 (base 12) in base 2?
-1000110101000111100
What is 161504 (base 10) in base 14?
42c00
Convert 6a51a (base 15) to base 13.
bb1b0
What is 473990 (base 10) in base 4?
1303232012
What is -616732 (base 9) in base 16?
-59501
What is -1000110110010101001 (base 2) in base 7?
-2315240
What is 4ac51 (base 15) in base 8?
722662
What is 111012210222 (base 3) in base 8?
774025
What is 101788 (base 11) in base 13?
59456
Convert 405b1 (base 14) to base 4.
211302233
Convert 2665c (base 14) to base 8.
270532
Convert -11060146 (base 7) to base 9.
-1715847
What is -389c0d (base 15) in base 6?
-134115021
Convert -165961 (base 10) to base 13.
-5a703
Convert 139886 (base 11) to base 6.
4401155
147d22 (base 15) to base 16
f1529
Convert -bd69c0 (base 15) to base 10.
-9033705
Convert 3f9b2d (base 16) to base 9.
7753078
-66a64 (base 12) to base 11
-9344a
-103090 (base 10) to base 7
-606361
4305601 (base 9) to base 5
1042311133
What is 31202200311 (base 4) in base 9?
6608566
-4804b9 (base 15) to base 6
-201450250
177324 (base 8) to base 11
45016
Convert -175052 (base 10) to base 5.
-21100202
Convert 153c2 (base 15) to base 11.
473a3
-aa84a (base 15) to base 11
-34012a
Convert -6606c (base 14) to base 4.
-330110100
-3349332 (base 11) to base 16
-598ce9
Convert 132023305 (base 7) to base 10.
8476711
10313004 (base 5) to base 12
43274
20a39 (base 14) to base 15
18563
Convert b5868d (base 14) to base 6.
335230033
1001011100100011101 (base 2) to base 9
521535
11a2421 (base 11) to base 13
57b987
What is -27db6a (base 16) in base 12?
-a5b74a
-43a85c (base 13) to base 4
-12011032032
Convert -4b862 (base 14) to base 7.
-1401552
Convert -11011001100 (base 3) to base 2.
-10011111100010100
20012022010 (base 3) to base 15
2620c
a3ed5a (base 16) to base 10
10743130
What is 126633 (base 11) in base 10?
199081
Convert 6176b (base 12) to base 16.
1f103
What is -62ad0a (base 14) in base 3?
-20021101002010
3313004 (base 5) to base 8
157646
Convert -20684 (base 9) to base 14.
-4db6
What is -571025 (base 14) in base 2?
-1011010010110110101001
-830 (base 14) to base 11
-1234
Convert -1190762 (base 10) to base 11.
-743701
Convert 1001321010 (base 4) to base 14.
70500
Convert -170cc (base 13) to base 8.
-126114
11a301 (base 12) to base 13
a09b7
What is 12200100210 (base 3) in base 2?
11011010010111001
What is -112053463 (base 7) in base 15?
-900b47
Convert 151540 (base 7) to base 12.
15044
What is 15a3107 (base 11) in base 2?
1010011001110110110011
Convert 116513 (base 10) to base 2.
11100011100100001
20304342 (base 5) to base 13
5a874
617627 (base 8) to base 15
409b5
Convert 1110100111011001100 (base 2) to base 10.
478924
-26457711 (base 8) to base 2
-10110100101111111001001
2252512 (base 7) to base 13
9b3a4
Convert -6780081 (base 10) to base 16.
-6774b1
What is -198384 (base 10) in base 12?
-96980
Convert 12202222001120 (base 3) to base 16.
2ed7a5
Convert 56161 (base 9) to base 5.
2143230
-30310121 (base 4) to base 15
-10855
13e6b (base 15) to base 8
175001
-1416ad (base 15) to base 10
-966763
Convert 2123100021 (base 4) to base 15.
c8643
What is -5002206 (base 7) in base 2?
-10001111110011101011
Convert -4100434 (base 5) to base 11.
-45438
2066326 (base 8) to base 5
120132100
What is 4443230212 (base 5) in base 8?
45124335
What is 206616 (base 9) in base 5?
12413343
Convert -114141400 (base 5) to base 8.
-2031014
131955a (base 14) to base 4
203013312030
Convert 10130233111 (base 4) to base 16.
11cbd5
Convert -28021834 (base 9) to base 10.
-13831996
What is -388d8 (base 16) in base 10?
-231640
What is -1415555 (base 6) in base 13?
-2a75b
31d64 (base 15) to base 10
158269
-11111011001 (base 2) to base 13
-bb7
-2854008 (base 9) to base 7
-16232120
What is 425363 (base 8) in base 2?
100010101011110011
4c33a (base 16) to base 15
62732
Convert 322502000 (base 6) to base 4.
111313100100
Convert -112031614 (base 7) to base 13.
-1552606
What is -20010110110 (base 3) in base 9?
-203413
Convert -11111101100011000100 (base 2) to base 11.
-64a2a0
Convert -255621636 (base 7) to base 12.
-5581126
Convert -356d12 (base 16) to base 13.
-9578c1
What is 10011110001000111111010 (base 2) in base 13?
10c5853
132311140 (base 5) to base 4
2202230310
What is -2234302 (base 7) in base 12?
-114804
-25150423 (base 7) to base 11
-1307276
Convert -6050488 (base 9) to base 7.
-36246110
Convert -3412414 (base 5) to base 11.
-41392
10121013102 (